t the prime factors of 3578.
2, 1789
What are the prime factors of 26?
2, 13
What are the prime factors of 23692?
2, 5923
List the prime factors of 1651.
13, 127
List the prime factors of 82926.
2, 3, 17, 271
What are the prime factors of 23240?
2, 5, 7, 83
What are the prime factors of 421?
421
List the prime factors of 2705.
5, 541
What are the prime factors of 8056?
2, 19, 53
List the prime factors of 580.
2, 5, 29
List the prime factors of 28873.
13, 2221
List the prime factors of 60777.
3, 2251
List the prime factors of 2956.
2, 739
What are the prime factors of 4731?
3, 19, 83
List the prime factors of 11573.
71, 163
What are the prime factors of 4777?
17, 281
What are the prime factors of 293?
293
What are the prime factors of 764?
2, 191
List the prime factors of 1546.
2, 773
What are the prime factors of 70889?
7, 13, 19, 41
List the prime factors of 3534.
2, 3, 19, 31
What are the prime factors of 49198?
2, 17, 1447
List the prime factors of 34019.
34019
List the prime factors of 2401.
7
List the prime factors of 767.
13, 59
List the prime factors of 784.
2, 7
What are the prime factors of 4120?
2, 5, 103
What are the prime factors of 181?
181
List the prime factors of 7108.
2, 1777
List the prime factors of 6711.
3, 2237
List the prime factors of 2172.
2, 3, 181
List the prime factors of 973.
7, 139
What are the prime factors of 3267?
3, 11
What are the prime factors of 29?
29
What are the prime factors of 18550?
2, 5, 7, 53
List the prime factors of 4155.
3, 5, 277
List the prime factors of 43580.
2, 5, 2179
What are the prime factors of 10605?
3, 5, 7, 101
What are the prime factors of 795?
3, 5, 53
What are the prime factors of 7532?
2, 7, 269
What are the prime factors of 2150?
2, 5, 43
What are the prime factors of 414?
2, 3, 23
List the prime factors of 3908.
2, 977
List the prime factors of 2455.
5, 491
List the prime factors of 286.
2, 11, 13
List the prime factors of 101517.
3, 13, 19, 137
What are the prime factors of 892?
2, 223
What are the prime factors of 42296?
2, 17, 311
List the prime factors of 53527.
53527
What are the prime factors of 476?
2, 7, 17
List the prime factors of 12310.
2, 5, 1231
What are the prime factors of 180822?
2, 3, 30137
What are the prime factors of 3804?
2, 3, 317
List the prime factors of 662.
2, 331
What are the prime factors of 161052?
2, 3, 13421
List the prime factors of 2505.
3, 5, 167
List the prime factors of 154469.
7, 22067
What are the prime factors of 6333?
3, 2111
List the prime factors of 8718.
2, 3, 1453
List the prime factors of 2697.
3, 29, 31
List the prime factors of 5672.
2, 709
List the prime factors of 464.
2, 29
List the prime factors of 4111.
4111
What are the prime factors of 16607?
16607
What are the prime factors of 19534?
2, 9767
What are the prime factors of 6943?
53, 131
What are the prime factors of 11479?
13, 883
What are the prime factors of 901?
17, 53
What are the prime factors of 70346?
2, 17, 2069
What are the prime factors of 102554?
2, 47, 1091
List the prime factors of 5160.
2, 3, 5, 43
List the prime factors of 116744.
2, 14593
What are the prime factors of 80606?
2, 41, 983
What are the prime factors of 4282?
2, 2141
What are the prime factors of 1776?
2, 3, 37
List the prime factors of 8684.
2, 13, 167
What are the prime factors of 3844?
2, 31
What are the prime factors of 30221?
47, 643
List the prime factors of 37872.
2, 3, 263
What are the prime factors of 912?
2, 3, 19
What are the prime factors of 1220?
2, 5, 61
What are the prime factors of 37288?
2, 59, 79
What are the prime factors of 14774?
2, 83, 89
What are the prime factors of 3653?
13, 281
What are the prime factors of 25502?
2, 41, 311
What are the prime factors of 114889?
114889
What are the prime factors of 110297?
11, 37, 271
List the prime factors of 6102.
2, 3, 113
What are the prime factors of 939?
3, 313
List the prime factors of 22184.
2, 47, 59
List the prime factors of 36927.
3, 11, 373
What are the prime factors of 160368?
2, 3, 13, 257
What are the prime factors of 2367?
3, 263
List the prime factors of 4264.
2, 13, 41
List the prime factors of 4733.
4733
What are the prime factors of 46126?
2, 23063
What are the prime factors of 12163?
12163
What are the prime factors of 181271?
17, 10663
What are the prime factors of 692?
2, 173
List the prime factors of 215.
5, 43
What are the prime factors of 9693?
3, 359
What are the prime factors of 1185?
3, 5, 79
What are the prime factors of 31275?
3, 5, 139
List the prime factors of 36829.
13, 2833
List the prime factors of 2101.
11, 191
What are the prime factors of 103037?
11, 17, 19, 29
List the prime factors of 31255.
5, 7, 19, 47
What are the prime factors of 4239?
3, 157
List the prime factors of 6373.
6373
List the prime factors of 19444.
2, 4861
List the prime factors of 715.
5, 11, 13
List the prime factors of 29658.
2, 3, 4943
What are the prime factors of 3312?
2, 3, 23
What are the prime factors of 5453?
7, 19, 41
List the prime factors of 3915.
3, 5, 29
List the prime factors of 23612.
2, 5903
List the prime factors of 151957.
13, 11689
List the prime factors of 578.
2, 17
List the prime factors of 3497.
13, 269
List the prime factors of 1199.
11, 109
List the prime factors of 179.
179
What are the prime factors of 39884?
2, 13, 59
What are the prime factors of 9321?
3, 13, 239
List the prime factors of 4982.
2, 47, 53
List the prime factors of 17332.
2, 7, 619
What are the prime factors of 11902?
2, 11, 541
What are the prime factors of 144547?
13, 11119
What are the prime factors of 66?
2, 3, 11
What are the prime factors of 95487?
3, 7, 4547
What are the prime factors of 14287?
7, 13, 157
List the prime factors of 10976.
2, 7
What are the prime factors of 61032?
2, 3, 2543
What are the prime factors of 25657?
25657
What are the prime factors of 443?
443
List the prime factors of 55992.
2, 3, 2333
What are the prime factors of 194?
2, 97
List the prime factors of 347.
347
List the prime factors of 1776.
2, 3, 37
What are the prime factors of 885?
3, 5, 59
List the prime factors of 68316.
2, 3, 5693
What are the prime factors of 11197?
11197
What are the prime factors of 68970?
2, 3, 5, 11, 19
List the prime factors of 3841.
23, 167
List the prime factors of 46024.
2, 11, 523
What are the prime factors of 12121?
17, 23, 31
What are the prime factors of 23185?
5, 4637
What are the prime factors of 324?
2, 3
What are the prime factors of 34948?
2, 8737
List the prime factors of 1510.
2, 5, 151
What are the prime factors of 47935?
5, 9587
List the prime factors of 11631.
3, 3877
List the prime factors of 6305.
5, 13, 97
List the prime factors of 9558.
2, 3, 59
What are the prime factors of 25271?
37, 683
What are the prime factors of 3716?
2, 929
List the prime factors of 1533.
3, 7, 73
What are the prime factors of 99210?
2, 3, 5, 3307
What are the prime factors of 22445?
5, 67
What are the prime factors of 2555?
5, 7, 73
What are the prime factors of 131538?
2, 3, 11, 1993
What are the prime factors of 471?
3, 157
What are the prime factors of 13281?
3, 19, 233
What are the prime factors of 4460?
2, 5, 223
List the prime factors of 3389.
3389
What are the prime factors of 74746?
2, 7, 19, 281
List the prime factors of 56065.
5, 11213
What are the prime factors of 153?
3, 17
List the prime factors of 1473.
3, 491
What are the prime factors of 6328?
2, 7, 113
What are the prime factors of 396?
2, 3, 11
What are the prime factors of 55072?
2, 1721
What are the prime factors of 12706?
2, 6353
What are the prime factors of 1147?
31, 37
What are the prime factors of 754?
2, 13, 29
What are the prime factors of 3026?
2, 17, 89
List the prime factors of 2196.
2, 3, 61
List the prime factors of 1242.
2, 3, 23
List the prime factors of 75599.
17, 4447
List the prime factors of 23765.
5, 7, 97
List the prime factors of 153469.
153469
List the prime factors of 50353.
43, 1171
List the prime factors of 364.
2, 7, 13
What are the prime factors of 281?
281
What are the prime factors of 51794?
2, 19, 29, 47
List the prime factors of 13876.
2, 3469
What are the prime factors of 359?
359
List the prime factors of 19223.
47, 409
List the prime factors of 6304.
2, 197
List the prime factors of 4258.
2, 2129
List the prime factors of 